- 492/(-27). Let k = f - w. List the prime factors of k.
2, 3
Let z(v) = v**2 - 1. Let u be z(-1). Suppose 0 = -2*k - 5*y - 23, u*k - 21 = -k + 4*y. Suppose -13 - k = -5*x + m, 4*x + 3*m = -4. List the prime factors of x.
2
Let d = -3 - -11. Suppose -d = -2*c - 2*c. What are the prime factors of (3 - 2)/(c/4)?
2
Let c(s) = -s - 10. Let x be c(-9). List the prime factors of -1*(3 + x + -19).
17
Suppose 0 = w - 4*n - 70, w - 3*n - 2*n = 72. List the prime factors of w.
2, 31
Suppose -115 = -0*i - 5*i. What are the prime factors of i?
23
Let q = 79 - 50. What are the prime factors of q?
29
Let o = -14 + 16. Suppose 76 = 4*n - 3*z, -2*n - o*z + 13 + 11 = 0. What are the prime factors of n?
2
Suppose 4*h - 148 = -8*l + 4*l, 5*h = 2*l + 220. What are the prime factors of h?
2, 3, 7
Suppose -10 = 5*q, -5*r + 5*q + 216 = -84. List the prime factors of r.
2, 29
Let v = 126 + 18. List the prime factors of v.
2, 3
Let a(y) = -y**3 + 4*y**2 - 2*y + 1. Let o be a(3). Suppose -2*w + 3*m = -32, 104 = 2*w + 2*w + o*m. List the prime factors of w.
2, 11
Let n be (-10)/3 + (-13)/(-39). Suppose 5*y - 60 = 20. Let j = y + n. What are the prime factors of j?
13
Suppose -3*w + w = 5*n - 212, -3*w = -3*n + 144. List the prime factors of n.
2, 11
Let y be ((-30)/(-24))/(1/4). Suppose 3*t = 4*c + y*t - 54, 5*c + t - 69 = 0. List the prime factors of c.
2, 7
Let n(x) = -x**3 + 11*x**2 + 6*x - 8. What are the prime factors of n(11)?
2, 29
Let p be ((-3)/9)/((-1)/9). Let c = 21 - 12. Let b = p + c. List the prime factors of b.
2, 3
Suppose 472 = 11*j - 9*j. What are the prime factors of j?
2, 59
Let i be (-567)/28 - (-2)/8. List the prime factors of (-8)/i*5 + 10.
2, 3
Suppose 4*t - 2*t - 10 = 0. Suppose t*f = 3*f. Suppose -10 = -f*n - 5*n. What are the prime factors of n?
2
Let a(m) = 5*m**3 - 4*m**2 + 14*m + 10. Let s(b) = 9*b**3 - 8*b**2 + 27*b + 19. Let r(g) = 11*a(g) - 6*s(g). List the prime factors of r(-5).
11
Let l(p) = -p**3 + 2*p**2 - 13*p - 3. Let w(r) = -2*r**3 + 5*r**2 - 25*r - 5. Let k(q) = -11*l(q) + 6*w(q). What are the prime factors of k(5)?
43
Suppose -k + 5*j = -17, 0 = 4*k - 3*k - 3*j - 19. List the prime factors of k.
2, 11
Suppose -r + 118 = -2*b, -7*r + 2*b = -3*r - 472. What are the prime factors of r?
2, 59
Let o(j) = j**2 - 3*j - 3. What are the prime factors of o(-2)?
7
Suppose -200 = -3*r - 2*r. Let g = r - 8. What are the prime factors of 3/2*g/4?
2, 3
Suppose -f + 5 - 3 = 0. Suppose f*y - 3*u + 4 = 0, 0*u - 2*u - 12 = -5*y. Suppose -j = -y*j + 27. What are the prime factors of j?
3
Let h(k) = k**3 - 6*k**2 - 7*k + 2. Let l be h(7). Let w = l + 0. What are the prime factors of w?
2
Let l = 33 + -20. What are the prime factors of l?
13
Let o(u) = u**2 + 11*u + 12. Let d be o(-10). Suppose -d*t + t = -15. What are the prime factors of (-3)/(-15) + 207/t?
2, 7
Let q(f) = -2*f - 10. Let c be q(-10). Suppose -s + 2 = 4*a, -2*a = 5*s - 0*a - c. Suppose 5*z + 4*m - 30 = 0, m + m - s = 4*z. What are the prime factors of z?
2
Suppose -l + 6 = 3. Suppose 3*t + 69 + 20 = 5*d, l*d = 4*t + 60. List the prime factors of d.
2
Suppose 0 = 4*d - 4*j - 236, -3*d - 5*j = 2*d - 265. Suppose 0 = 2*l - 6*l + d. List the prime factors of l.
2, 7
What are the prime factors of 18*4/8*2?
2, 3
Let d be 18/4*(2 + 0). Suppose 4 - d = -p. Suppose 0 = -2*q + 3*q - p. What are the prime factors of q?
5
Suppose -2*s = -5*l - 9, 3*s + 5*l = 4*s - 7. Let b be 1*s/(-4)*-14. Let u = b + 0. List the prime factors of u.
7
Let x(a) = -a + 5. Let k be (-3)/2*40/15. What are the prime factors of x(k)?
3
Suppose -x = -3*w - 147 - 92, 0 = -2*w - 2*x - 146. What are the prime factors of w/(-4)*16/12?
2, 13
Let y = -75 - -214. List the prime factors of y.
139
Suppose -2*y + 12 = -8. Let t(i) = i + 2. What are the prime factors of t(y)?
2, 3
Let n(w) = -4 - 2*w + 4*w + 2*w. Let y be n(6). What are the prime factors of y + -1 + (-6)/2?
2
Let g = -20 + 40. Suppose -d = -6*d + g. Suppose 2*a + 2*l - 14 = -d, 20 = -4*l. What are the prime factors of a?
2, 5
Suppose 2*p = -4*v, 0*v = -4*v - 5*p. Suppose 4*q - 2*b - 20 = v, -2*b - 12 = -4. List the prime factors of q.
3
Let s = 108 - 65. Let r = s - 25. List the prime factors of r.
2, 3
Suppose o - 316 = -3*o. What are the prime factors of o?
79
Suppose -o + 5 = 1. Suppose o*n = -3*a - a + 8, 4*n - 26 = 2*a. What are the prime factors of n?
5
Let z = -42 + 69. List the prime factors of z.
3
Let r(k) = -k + 3. Let t = 7 - 7. Let q be r(t). Suppose q*u = 5*h + 48, -3*u - 2*h + 48 = h. What are the prime factors of u?
2
Suppose 0 = m + 9*m - 650. List the prime factors of m.
5, 13
What are the prime factors of 6/10 + (-404)/(-10)?
41
Let l(r) = -r**3 - 4*r**2 + 2. Let i be l(-4). Suppose -i*s + 3*s - 3 = 0. Suppose d = s + 1. What are the prime factors of d?
2
Suppose -3*b + b = 0. Let h = 5 + b. List the prime factors of h.
5
Suppose -590 + 94 = -2*t. List the prime factors of t.
2, 31
Suppose 0 = h - 6*g + 2*g - 148, 0 = -5*g + 15. Suppose h - 49 = 3*y. List the prime factors of y.
37
What are the prime factors of (-78)/(-4) - (0 - (-15)/10)?
2, 3
Let t(i) = i**2 + 21*i + 73. List the prime factors of t(-20).
53
Let n(z) = -8*z + 10. What are the prime factors of n(-2)?
2, 13
Suppose -32 = 5*z - 2. Let p = z + 14. List the prime factors of p.
2
Let k(b) be the first derivative of b**2 - 2*b + 2. What are the prime factors of k(9)?
2
Let m be 2*2*(-15)/(-4). Suppose 4 = 2*i - 6. Suppose -i*x + 0*x = -m. What are the prime factors of x?
3
Let b = 133 - 84. What are the prime factors of b?
7
Let t(r) = 2*r - 13. Let m be t(9). Let k(i) = -i**2 + 6*i + 2. What are the prime factors of k(m)?
7
Let u(k) = k**3 - 6*k**2 + 7. Let a be -2 + (-1 - -8) + -1. Suppose -f - 20 = -4*w, 4*w - 1 - 7 = a*f. List the prime factors of u(w).
7
Suppose 2*w - 5 = 1. Suppose 0 = -3*p - w*i + 93, -p + 27 = 2*i + i. List the prime factors of p.
3, 11
Let x(k) = 19*k + 13. What are the prime factors of x(3)?
2, 5, 7
Let b(a) be the first derivative of a**4/4 - 3*a**3 + 4*a**2 + 5*a + 1. Let j be b(8). Suppose 0 = s - j, -2*l - 2*s + 9 = -15. What are the prime factors of l?
7
Let d(b) = 7 + 2 - 1 - 2*b. Let r be d(-6). Suppose 0 = 3*h + 2*m + 1 - r, 0 = -h + m + 13. What are the prime factors of h?
3
Suppose -2*n + 4*n - 34 = 0. Suppose n = v - 3*o, -4*o - 26 = -2*v - 2*o. List the prime factors of v.
11
Suppose 4*o - 96 = 4*s, -2*o + 3*s + 68 = 17. Suppose -6*k + k + o = -4*i, -4 = i - k. Let t = i + 4. What are the prime factors of t?
5
Let g be ((-3)/(-9))/(3/549). Let d = g + -35. What are the prime factors of d?
2, 13
Let r(g) = -8*g - 1. Let y be r(-2). Suppose y = 3*a + 2*a. What are the prime factors of a?
3
Suppose -4*c + 2*r - 6*r + 12 = 0, -4*r = -2*c. Suppose 4 = -c*o + 10. List the prime factors of o.
3
Let b = -3 + 8. Let r = 19 - b. What are the prime factors of r?
2, 7
Let w be -1*3*(-116)/12. Let t = w - 14. What are the prime factors of t?
3, 5
Let n = 15 + -10. Suppose -5*f - 2*m = -m - 20, -n*f - 4*m = -5. Suppose -4 = -f*r - 14, 2*r = s - 15. List the prime factors of s.
11
Suppose 0 = -2*b + 3*b + 3*u - 132, 3*b = 2*u + 418. Suppose 0 = -4*y - 4*p + 136, 4*y + 3*p = -0*y + b. List the prime factors of y.
2, 3
Suppose 20 = 4*z, -2*g + 6*g + 2*z - 110 = 0. Let y = -15 + g. What are the prime factors of y?
2, 5
Let c be 87/4 - (-2)/8. List the prime factors of (2 + (-1 - 0))*c.
2, 11
Let k be ((-6)/(-5))/(2/5). Suppose 0 = -4*m - 4*z + 28, 3*m - k*z = 34 + 11. What are the prime factors of m?
11
Let i(y) = 7*y**2 - 2*y - 19. What are the prime factors of i(-4)?
101
Suppose -5*v + v + 30 = 2*x, 4*v - 17 = -x. What are the prime factors of x?
13
Let s(l) = -49*l - 24. List the prime factors of s(-5).
13, 17
Let d(x) = -9*x**3 + 2*x**2 + 2*x + 1. Let b be d(-1). Let j be (-2)/4 - (-55)/b. Suppose j = -5*o + 65. List the prime factors of o.
2, 3
Let t = 4 + -3. Suppose -3*f + 3*q = -12, 3*f - 2*q - 11 = -2*f. Let h = t + f. List the prime factors of h.
2
Let p(x) = 5*x. Let s be (0 - -3)/((-2)/(-2)). List the prime factors of p(s).
3, 5
Let c(b) = 2*b**3 - 7*b**2 + 2*b - 3. Let z be c(5). Suppose -p + 9 = 5*s - 29, -5*p = -2*s - z. List the prime factors of p.
2, 3
Let q = -8 - -7. Let f = 18 - q. List the prime factors of f.
19
Suppose 3*t - 6 = -0. W